 Calculate the remainder when o is divided by 20.
15
Let t = -715 - -745. Calculate the remainder when 90 is divided by t.
0
Let z be (10/15)/(-2)*-12. Let a(y) = 9*y - 4. Calculate the remainder when 2/12*z + (-3366)/(-54) is divided by a(4).
31
Suppose 6*g - 2*x = 2*g + 4, 3*x = -3*g + 12. What is the remainder when 330/21 - (-6)/21 is divided by (-3)/2*(g - 8)?
7
Suppose 0 = 4*a - 5*w - 35, 11 = 3*a - 3*w - 19. Calculate the remainder when 17 is divided by a.
2
Suppose 0*d - 542 = -5*o - 4*d, 100 = o + 5*d. What is the remainder when o is divided by 28?
26
Let v = 58 + -30. Calculate the remainder when 167 is divided by v.
27
Let p = -1204 + 1230. What is the remainder when 311 is divided by p?
25
Suppose 0 = 49*l - 50*l + 16. Calculate the remainder when l is divided by 8.
0
Suppose 4*c = k + 113, 88 = 4*c - 6*k + 10*k. What is the remainder when c is divided by 14?
13
Let s(t) = -t + 3*t + 0*t + 2*t - 2. Let v(m) = m**2 + 1. Let u(g) = s(g) + 2*v(g). Calculate the remainder when 63 is divided by u(-4).
15
What is the remainder when (1 - 1309/(-33))*(4 + -1) is divided by 112?
10
Let p = 65 - 57. Let i(t) = -t**3 + 9*t**2 + 3*t - 8. Let f be i(9). Suppose 0 = -z - 4 + f. Calculate the remainder when z is divided by p.
7
Let k = 2 + 5. Let p = k + -4. Suppose p*w = w + 18. Calculate the remainder when 23 is divided by w.
5
Suppose -2*i + 53*s + 145 = 54*s, -2*i + 144 = 2*s. What is the remainder when i is divided by 19?
16
Let m(p) = -p**3 + p**2 - 17*p + 132. Calculate the remainder when 159 is divided by m(0).
27
Suppose 20*v - 52 = -d + 17*v, -v = -d + 36. What is the remainder when 103 is divided by d?
23
Suppose -5*n + 353 = -2*c, c + 1 - 2 = 0. Let m = n + -25. What is the remainder when m is divided by 12?
10
Let c(i) = -i**3 - 6*i**2 + 3*i - 3. Suppose 22 = 2*v - 174. Calculate the remainder when v is divided by c(-7).
23
Let t(z) = 197*z**2 + 1. Let s be t(1). Let l(p) = 7*p**2 + 3*p - 2. Calculate the remainder when l(-3) is divided by s/27*(-9)/(-6).
8
Let h be 44/(-33)*9/2. Suppose -5*s = 3*q - 0*q - 112, q = -2*s + 39. Calculate the remainder when q is divided by 2/h - (0 + 50/(-6)).
5
Let b = -484 - -515. Calculate the remainder when 179 is divided by b.
24
What is the remainder when ((-14)/(-42))/((-2)/(-1302)) is divided by 22?
19
Suppose -3*m - 2*g + 251 = 0, m + 2*g - 96 + 19 = 0. What is the remainder when 166 is divided by m?
79
Suppose 95*d - 40065 = -355. Calculate the remainder when d is divided by 25.
18
Let q = 104 - 89. Suppose -q*b + 9*b + 48 = 0. Calculate the remainder when 31 is divided by b.
7
Suppose 2*m - 5 = -5*r - 1, -4*m + 30 = -r. Calculate the remainder when m + 160/(-25) - (-1824)/10 is divided by 46.
45
Let k(h) = h + 48. Calculate the remainder when 57 is divided by k(-16).
25
Calculate the remainder when 85 is divided by (-186)/31 - (2/1 - 51).
42
Suppose 3*i + 15 = 0, n + i + 2*i = 3. Calculate the remainder when 52 is divided by n.
16
What is the remainder when (2 + -3)*(-254 + 21) is divided by 59?
56
Let c(l) = -l**2 + 9*l + 9. What is the remainder when 6/27 + 583/9 is divided by c(8)?
14
Let x = -2 - -7. Suppose -r - 7*h = -9*h - 10, -h = 3*r - 2. Suppose 84 = p + 2*c, r*p = -x*c + 146 + 26. What is the remainder when p is divided by 20?
16
Let y(h) = 1 - 2*h**2 - 5 + h**2 + 4*h - 14*h. Let g be y(-9). Suppose t - g*t = -52. What is the remainder when 50 is divided by t?
11
Let k be 8/(-2) - 1*-9. Let c = -1 + k. Suppose c*u + 6 = 38. What is the remainder when 21 is divided by u?
5
Let q = -20 - -56. Suppose 12*f - q = 8*f. Calculate the remainder when 16 is divided by f.
7
Suppose 29*n - 3450 = 23*n. Calculate the remainder when n is divided by 16.
15
Let x(l) = 60*l**2 - 1 - l + 194*l**2 - l. Let r be x(-1). Suppose 0 = 5*u - 0*u - r. What is the remainder when u is divided by 18?
15
Suppose -2*h + 76 + 14 = 0. Calculate the remainder when 24 is divided by 18/(-4)*(-150)/h.
9
Suppose h + 2*h - 564 = 0. What is the remainder when h is divided by 16?
12
Let o(m) = 8*m + 21. Let b(k) = -10*k + 4. Let d(l) = -l. Let t(n) = -b(n) - d(n). Let i be t(1). Calculate the remainder when o(i) is divided by 20.
17
Let r be (2 - 7/4) + (-315)/(-36). Let v be 4/(-6) - 1/3. Calculate the remainder when 5 is divided by v/(r/6)*-3.
1
Let b(j) = j**3 + 5*j**2 + 5*j + 3. Let q be b(-4). Let i(f) = -17*f - 1. Let x = -1807 - -1870. What is the remainder when x is divided by i(q)?
15
Let x(w) = 10*w - 184. Calculate the remainder when x(26) is divided by ((-14)/(-4))/((-2)/(-4)).
6
Let v(m) = -m**2 - 7*m + 13. Let p be v(-8). Suppose 2*n + p = -z, 2*z - 2*n + 2 = 22. Calculate the remainder when 14 is divided by z.
4
Suppose -23 = -5*w + 7. Suppose u = -12 + w. Let y = 12 - u. Calculate the remainder when 53 is divided by y.
17
What is the remainder when 132 is divided by ((-31)/(-93))/(2/378)?
6
Suppose 5*b = -3*k + 268, b + 66*k - 60 = 67*k. What is the remainder when b is divided by 4?
0
Suppose 3 = 5*c - 7. Suppose -3*m + 3*y - 2*y = -99, c*m - y = 67. Calculate the remainder when m is divided by 18.
14
Let r be -6*28/32*(-16)/6. Let j = -6 + 15. What is the remainder when j is divided by 1 + -2 + 56/r?
0
Suppose 3*x - 90 = 75. Suppose -b - 2*f = -2 - 3, x = 4*b + f. Let i(p) = -3*p + 37. Calculate the remainder when b is divided by i(11).
3
Let l be -7 - 3*1/3. Let d be ((-52)/l)/(2/4). Let k = d - 5. Calculate the remainder when 13 is divided by k.
5
Let d(r) = -2*r - 4. Let n be d(-3). Suppose -28 = -0*p + 3*p + l, -n*p - 3*l = 21. Let u = 10 + p. Calculate the remainder when 2 is divided by u.
0
Let b(v) = 2*v**2 + 5*v + 2. Let q be b(-5). Suppose h - q = -2. What is the remainder when h is divided by 4?
1
Let n(b) = 32*b - 363. What is the remainder when 325 is divided by n(12)?
10
Let j = -2157 + 2170. Calculate the remainder when 372 is divided by j.
8
Let w(o) = 25*o - 29. What is the remainder when w(9) is divided by 12?
4
Suppose 4*b - 170 = 5*t, -4 = 161*t - 159*t. What is the remainder when b is divided by 4/(-10) - (-57)/5?
7
Let r(a) = -14*a**3 - 2*a**2 - 2*a - 1. Suppose 0 = -2*l + 41 + 9. What is the remainder when l is divided by r(-1)?
12
Suppose -4 = t - 39. What is the remainder when 0/(-7) - (-128 + -7) is divided by t?
30
Let j(v) = 2*v**2 + v. Let z be j(-1). Let q = z - -1. Calculate the remainder when (-115)/(-4) + q/8 is divided by 16.
13
Let g = -77 - -106. What is the remainder when 315 is divided by g?
25
Let s = -125 + 190. Let u be -1*(-6)/3 - -59. Suppose 0 = 5*i - u - 104. What is the remainder when s is divided by i?
32
Let u = 32 - 23. Suppose -u + 39 = 3*m. Calculate the remainder when (4/m)/(2/320) is divided by 11.
9
Suppose 0 = -o, 4*o + 8 = -3*h - 19. Let d = h - -47. What is the remainder when d is divided by 13?
12
Let a be 2/(2/27*3). Suppose 4*n - 89 = -a. Calculate the remainder when 34 is divided by n.
14
Let c = 74 + 43. Suppose 4*f + 3*p + 32 = c, -3*f + 2*p = -51. Calculate the remainder when f is divided by 10.
9
Let h(g) = -g**3 - 18*g**2 - 2*g - 23. What is the remainder when 51 is divided by h(-18)?
12
Suppose -2*s + 51 + 33 = 0. Calculate the remainder when (113 - 37) + 6*1 is divided by s.
40
Let z = 0 + 42. Suppose 2*c + 3 = 31. Calculate the remainder when z is divided by 2 + (c - (0 + 1)).
12
Suppose 66 = -3*w + 5*w. Let z(b) = -2*b**3 - 18*b**2 - 3*b - 9. Suppose 5*r - l + 51 = 2*l, 4*r + 44 = 4*l. What is the remainder when w is divided by z(r)?
15
Let q(s) = s**3 + 5*s**2 - 14*s. Let t be q(-7). Suppose t*y - 96 = -4*y + 5*h, 5*h - 49 = -y. Calculate the remainder when y is divided by 6.
5
Suppose -u + 5 = -0. What is the remainder when 23 is divided by u?
3
Let g(o) = -o**3 + 11*o**2 - 7*o + 10. Calculate the remainder when g(4) is divided by 90.
4
Suppose -34*q = -969 - 187. What is the remainder when 118 is divided by q?
16
Suppose -m + 51 = -3. Let z(n) = -2 + n + 3 + 2*n**2 + 28*n**3 - 27*n**3. Calculate the remainder when m is divided by z(2).
16
Let p be ((-7)/14)/(2/(-436)). Suppose 5*q = -2*u + 171 + p, -3*q - 5*u = -149. Calculate the remainder when q is divided by 30.
28
Calculate the remainder when 119 is divided by (1 - 3/(-3))/((-10)/(-120)).
23
Suppose -m + 10 = -3*m. What is the remainder when m/2*(-456)/30 is divided by 22?
16